{"id":81,"date":"2013-11-13T20:37:27","date_gmt":"2013-11-13T19:37:27","guid":{"rendered":"https:\/\/www.gasabile.org\/\/?page_id=81"},"modified":"2021-03-26T16:00:27","modified_gmt":"2021-03-26T15:00:27","slug":"chi-siamo-2","status":"publish","type":"page","link":"https:\/\/www.gasabile.org\/","title":{"rendered":"Chi Siamo"},"content":{"rendered":"<p style=\"text-align: justify;\">Siamo un\u2019Associazione di Promozione Sociale (A.P.S.) costituita da un gruppo di persone\/famiglie che, tramite i propri acquisti collettivi, cerca di sostenere un sistema di economia alternativa e solidale e promuovere uno stile di vita che prediliga il consumo critico e la sostenibilit\u00e0 ambientale e sociale.<\/p>\n<p><strong><br \/>I nostri obiettivi \u00a0<\/strong><\/p>\n<p style=\"text-align: justify;\">Al di l\u00e0 della necessaria iscrizione, per noi \u00e8 fondamentale condividere i principi e i criteri che ci guidano negli acquisti collettivi e pi\u00f9 in generale in tutte le nostre azioni di gruppo. Gli obiettivi che ne conseguono (esplicitati nello Statuto), in sintesi, sono:<\/p>\n<ul>\n<li>promuovere stili di vita sostenibili<\/li>\n<li>diffondere prodotti locali, di filiera corta, biologici, naturali e del commercio equo e solidale<\/li>\n<li>costruire una comunit\u00e0 in cui le persone possano ritrovare il tempo per incontrarsi e instaurare relazioni pi\u00f9 umane e possano organizzarsi per acquistare beni di uso comune utilizzando come criteri guida i principi di solidariet\u00e0, economicit\u00e0, giustizia, qualit\u00e0, sostenibilit\u00e0, sobriet\u00e0 e cooperazione<\/li>\n<li>informare e sensibilizzare su una diversa modalit\u00e0 di rapportarsi ai produttori, anche dei paesi in via di sviluppo<\/li>\n<li>divulgare, formare e informare sulle complesse questioni economiche, politiche, sociali e culturali che riguardano il consumo critico e la conoscenza del commercio equo e solidale<\/li>\n<\/ul>\n<p style=\"text-align: justify;\"><strong><br \/>Cosa facciamo\u00a0\u00a0<\/strong><\/p>\n<p style=\"text-align: justify;\">Principalmente acquistiamo in modo collettivo prodotti alimentari (frutta e verdura, formaggi, salumi, agrumi, olio ecc.) e non (detersivi, cosmetici, cancelleria&#8230;) direttamente dai produttori. Predisponiamo un calendario acquisti con varie scadenze (settimanale per prodotti vegetali freschi, stagionale o annuale per olio, vino) e ci accordiamo per gestire tutti gli aspetti logistici.<\/p>\n<p style=\"text-align: justify;\">Abbiamo una piccola biblioteca,\u00a0con volumi che trattano argomenti inerenti al consumo critico e a un&#8217;economia alternativa, a disposizione dei soci.<\/p>\n<p style=\"text-align: justify;\">Organizziamo incontri di informazione sui prodotti di consumo e la loro sostenibilit\u00e0.<\/p>\n<p style=\"text-align: justify;\">Inoltre organizziamo eventi e manifestazioni per la promozione del consumo critico e dell\u2019economia solidale (incontri pubblici, feste, banchetti in occasione di eventi sul territorio, baratto).<\/p>\n<p style=\"text-align: justify;\"><strong><br \/>Dove siamo<\/strong><\/p>\n<p style=\"text-align: justify;\">La sede operativa di Gasabile \u00e8 c\/o il Circolo Fratellanza e Pace (Il Circolone), via San Bernardino, 12 &#8211; Legnano. I soci sono distribuiti su tutto il territorio di Legnano e zone limitrofe (Cerro Maggiore, San Vittore Olona, Rescaldina, San Giorgio su Legnano, Busto Garolfo, Parabiago, Canegrate, Nerviano, Dairago, Villa Cortese, Casorezzo, Busto Arsizio\u2026).<\/p>\n<p style=\"text-align: justify;\"><strong><br \/>Come siamo organizzati \u00a0<\/strong><\/p>\n<p style=\"text-align: justify;\">Ogni socio si impegna e contribuisce alla vita del G.A.S. con le proprie modalit\u00e0 e tempi. C\u2019\u00e8 chi si dedica a tenere i contatti con gli altri G.A.S., chi gestisce gli ordini, chi organizza gli incontri di approfondimento o le visite ai produttori.<\/p>\n<p style=\"text-align: justify;\">Non c\u2019\u00e8 nessun obbligo di acquisto n\u00e9, tanto meno, una quantit\u00e0 minima di merce da acquistare.<\/p>\n<p style=\"text-align: justify;\">Generalmente una volta al mese facciamo un&#8217;assemblea generale in cui vengono discusse e programmate tutte le attivit\u00e0 dell\u2019associazione.<\/p>\n<p style=\"text-align: justify;\"><strong><br \/>Come poter acquistare insieme \u00a0<\/strong><\/p>\n<p style=\"text-align: justify;\">Il funzionamento del gruppo si basa sul senso di fiducia reciproco e sullo spirito di collaborazione tra tutti i membri, che rendono possibili gli acquisti collettivi. In ogni sottogruppo esiste un Tutor che, dopo aver incontrato gli interessati, sar\u00e0 il punto di riferimento e seguir\u00e0 gli aspiranti soci spiegando loro tutto, passo dopo passo. Dopo un periodo di inserimento, ogni persona sceglie se associarsi al gruppo. Una volta iscritti, si entra a far parte del gruppo a tutti gli effetti e si pu\u00f2 cominciare ad acquistare direttamente e a partecipare a tutte le attivit\u00e0, dando il proprio contributo personale.<\/p>\n<p style=\"text-align: justify;\"><strong><br \/>Con chi collaboriamo \u00a0<\/strong><\/p>\n<p style=\"text-align: justify;\">Attualmente Gasabile fa parte di <a href=\"https:\/\/www.des.varese.it\/?page_id=149\">ReteGas Varese<\/a>, rete dei Gruppi di Acquisto Solidale della provincia di Varese e territori limitrofi, e ha aderito al <a title=\"http:\/\/www.des.varese.it\/\" href=\"http:\/\/www.des.varese.it\/\">D.E.S. VARESE<\/a>\u00a0(Distretto di Economia Solidale della provincia di Varese) e alla\u00a0<a title=\"http:\/\/www.retegas.org\/\" href=\"http:\/\/www.economiasolidale.net\" target=\"_blank\" rel=\"noopener\">Rete Nazionale dei Gruppi di Acquisto Solidali<\/a>.<\/p>\n<p style=\"text-align: justify;\">Gasabile \u00e8 inoltre socio fondatore di <a href=\"https:\/\/www.aequos.bio\/\">Aequos<\/a> (Acquisti Equo Sostenibili Solidali) cooperativa di cui fanno parte oltre 50 realt\u00e0 tra G.A.S. e organizzazioni no profit del nostro territorio.\u00a0<\/p>\n\n\n<p><\/p>\n","protected":false},"excerpt":{"rendered":"<p>Siamo un\u2019Associazione di Promozione Sociale (A.P.S.) costituita da un gruppo di persone\/famiglie che, tramite i propri acquisti collettivi, cerca di sostenere un sistema di economia alternativa e solidale e promuovere uno stile di vita che prediliga il consumo critico e &hellip; <a class=\"more-link\" href=\"https:\/\/www.gasabile.org\/\">Continua a leggere<span class=\"meta-nav\">&rarr;<\/span><\/a><\/p>\n","protected":false},"author":1,"featured_media":0,"parent":0,"menu_order":0,"comment_status":"open","ping_status":"open","template":"","meta":{"footnotes":""},"class_list":["post-81","page","type-page","status-publish","hentry"],"_links":{"self":[{"href":"https:\/\/www.gasabile.org\/index.php?rest_route=\/wp\/v2\/pages\/81"}],"collection":[{"href":"https:\/\/www.gasabile.org\/index.php?rest_route=\/wp\/v2\/pages"}],"about":[{"href":"https:\/\/www.gasabile.org\/index.php?rest_route=\/wp\/v2\/types\/page"}],"author":[{"embeddable":true,"href":"https:\/\/www.gasabile.org\/index.php?rest_route=\/wp\/v2\/users\/1"}],"replies":[{"embeddable":true,"href":"https:\/\/www.gasabile.org\/index.php?rest_route=%2Fwp%2Fv2%2Fcomments&post=81"}],"version-history":[{"count":11,"href":"https:\/\/www.gasabile.org\/index.php?rest_route=\/wp\/v2\/pages\/81\/revisions"}],"predecessor-version":[{"id":1521,"href":"https:\/\/www.gasabile.org\/index.php?rest_route=\/wp\/v2\/pages\/81\/revisions\/1521"}],"wp:attachment":[{"href":"https:\/\/www.gasabile.org\/index.php?rest_route=%2Fwp%2Fv2%2Fmedia&parent=81"}],"curies":[{"name":"wp","href":"https:\/\/api.w.org\/{rel}","templated":true}]}}